{"id":27,"date":"2017-04-09T12:39:42","date_gmt":"2017-04-09T12:39:42","guid":{"rendered":"https:\/\/www.lereveil.lu\/v7\/?page_id=27"},"modified":"2026-02-13T08:45:21","modified_gmt":"2026-02-13T07:45:21","slug":"comite","status":"publish","type":"page","link":"https:\/\/www.lereveil.lu\/v7\/comite\/","title":{"rendered":"Comit\u00e9"},"content":{"rendered":"\t\t<div data-elementor-type=\"wp-page\" data-elementor-id=\"27\" class=\"elementor elementor-27\" data-elementor-post-type=\"page\">\n\t\t\t\t\t\t<section class=\"elementor-section elementor-top-section elementor-element elementor-element-71998787 elementor-section-boxed elementor-section-height-default elementor-section-height-default\" data-id=\"71998787\" data-element_type=\"section\" data-e-type=\"section\">\n\t\t\t\t\t\t<div class=\"elementor-container elementor-column-gap-default\">\n\t\t\t\t\t<div class=\"elementor-column elementor-col-100 elementor-top-column elementor-element elementor-element-60e3fef5\" data-id=\"60e3fef5\" data-element_type=\"column\" data-e-type=\"column\">\n\t\t\t<div class=\"elementor-widget-wrap elementor-element-populated\">\n\t\t\t\t\t\t<div class=\"elementor-element elementor-element-2634b7c7 elementor-widget elementor-widget-text-editor\" data-id=\"2634b7c7\" data-element_type=\"widget\" data-e-type=\"widget\" data-widget_type=\"text-editor.default\">\n\t\t\t\t<div class=\"elementor-widget-container\">\n\t\t\t\t\t\t\t\t\t<table style=\"height: 359px;\" border=\"0\" width=\"362\" cellspacing=\"0\" cellpadding=\"0\" align=\"center\">\n<tbody>\n<tr>\n<td width=\"165\" height=\"20\">Pr\u00e9sident<\/td>\n<td width=\"161\"><span style=\"font-size: 14.4px;\">HOSCHEID Steve<\/span><\/td>\n<\/tr>\n<tr>\n<td width=\"165\" height=\"20\">Vice-Pr\u00e9sidente<\/td>\n<td width=\"161\"><span style=\"font-size: 14.4px;\">ERNST Julie<\/span><\/td>\n<\/tr>\n<tr>\n<td width=\"165\" height=\"20\">Vice-Pr\u00e9sident<\/td>\n<td width=\"161\"><span style=\"font-size: 14.4px;\">KOHL Patrick<\/span><\/td>\n<\/tr>\n<tr>\n<td width=\"165\" height=\"20\">Secr\u00e9taire administratif<\/td>\n<td width=\"161\">KOHL Annette<\/td>\n<\/tr>\n<tr>\n<td width=\"165\" height=\"20\">Secr\u00e9taire administratif<\/td>\n<td width=\"161\">GERSON Raymonde<\/td>\n<\/tr>\n<tr>\n<td width=\"165\" height=\"20\">Tr\u00e9sorier<\/td>\n<td width=\"161\">FOETZ Guy<\/td>\n<\/tr>\n<tr>\n<td width=\"165\" height=\"20\">Membre<\/td>\n<td width=\"161\">CLESSE Sheila<\/td>\n<\/tr>\n<tr>\n<td width=\"165\" height=\"20\">Membre<\/td>\n<td width=\"161\">KIRTZ Anja<\/td>\n<\/tr>\n<tr>\n<td width=\"165\" height=\"20\">Membre<\/td>\n<td width=\"161\">KREMER Nadine<\/td>\n<\/tr>\n<tr>\n<td width=\"165\" height=\"20\">Membre<\/td>\n<td width=\"161\">P\u00dcTZ Dan<\/td>\n<\/tr>\n<tr>\n<td width=\"165\" height=\"20\">Membre<\/td>\n<td width=\"161\">ROSSY Marie<\/td>\n<\/tr>\n<\/tbody>\n<\/table>\n<p><\/p>\n<p><\/p>\t\t\t\t\t\t\t\t<\/div>\n\t\t\t\t<\/div>\n\t\t\t\t\t<\/div>\n\t\t<\/div>\n\t\t\t\t\t<\/div>\n\t\t<\/section>\n\t\t\t\t<\/div>\n\t\t","protected":false},"excerpt":{"rendered":"<p>Pr\u00e9sident HOSCHEID Steve Vice-Pr\u00e9sidente ERNST Julie Vice-Pr\u00e9sident KOHL Patrick Secr\u00e9taire administratif KOHL Annette Secr\u00e9taire administratif GERSON Raymonde Tr\u00e9sorier FOETZ Guy Membre CLESSE Sheila Membre KIRTZ Anja Membre KREMER Nadine Membre P\u00dcTZ Dan Membre ROSSY Marie<\/p>\n","protected":false},"author":1,"featured_media":0,"parent":0,"menu_order":0,"comment_status":"closed","ping_status":"closed","template":"","meta":{"neve_meta_sidebar":"","neve_meta_container":"","neve_meta_enable_content_width":"","neve_meta_content_width":0,"neve_meta_title_alignment":"","neve_meta_author_avatar":"","neve_post_elements_order":"","neve_meta_disable_header":"","neve_meta_disable_footer":"","neve_meta_disable_title":"","footnotes":""},"class_list":["post-27","page","type-page","status-publish","hentry"],"_links":{"self":[{"href":"https:\/\/www.lereveil.lu\/v7\/wp-json\/wp\/v2\/pages\/27","targetHints":{"allow":["GET"]}}],"collection":[{"href":"https:\/\/www.lereveil.lu\/v7\/wp-json\/wp\/v2\/pages"}],"about":[{"href":"https:\/\/www.lereveil.lu\/v7\/wp-json\/wp\/v2\/types\/page"}],"author":[{"embeddable":true,"href":"https:\/\/www.lereveil.lu\/v7\/wp-json\/wp\/v2\/users\/1"}],"replies":[{"embeddable":true,"href":"https:\/\/www.lereveil.lu\/v7\/wp-json\/wp\/v2\/comments?post=27"}],"version-history":[{"count":32,"href":"https:\/\/www.lereveil.lu\/v7\/wp-json\/wp\/v2\/pages\/27\/revisions"}],"predecessor-version":[{"id":6976,"href":"https:\/\/www.lereveil.lu\/v7\/wp-json\/wp\/v2\/pages\/27\/revisions\/6976"}],"wp:attachment":[{"href":"https:\/\/www.lereveil.lu\/v7\/wp-json\/wp\/v2\/media?parent=27"}],"curies":[{"name":"wp","href":"https:\/\/api.w.org\/{rel}","templated":true}]}}